t are the prime factors of t(v)?
2, 3
What are the prime factors of (-2)/3*39/(-2)?
13
Let a be 3 + -1 + (0 - -1). What are the prime factors of a*(56/(-6))/(-2)?
2, 7
Let i(h) = -h**2 - 8*h + 3. Let k be i(-8). Let c be (-4)/k*(-12)/8. Suppose -4*z + 22 = -c*z. What are the prime factors of z?
11
Let g be (-2 - 0)*(-6)/4. Let y(p) = -3*p + p**2 - p - 3 + g*p. What are the prime factors of y(-4)?
17
Let d = 705 + -453. What are the prime factors of d?
2, 3, 7
Suppose 10*n - 1866 = -246. List the prime factors of n.
2, 3
Let u be -2 + 2 + -2 - -26. What are the prime factors of ((-2)/4)/((-2)/u)?
2, 3
Suppose 2 = -5*c + 12. Let z be -2*(-2 - (-6)/(-4)). List the prime factors of c/z - 375/(-35).
11
Let c = -6 + 7. Let d = -3 + c. Let o = d + 13. List the prime factors of o.
11
Let c(w) = -w**2 - 8*w - 10. List the prime factors of c(-4).
2, 3
Suppose -i - 2*s - 23 = -4*i, 0 = i - s - 8. What are the prime factors of i?
7
Suppose 0 = 3*l - 4*l. Suppose -3*h = 2*r - 344, 2*h + 0*h + r - 231 = l. List the prime factors of (-2)/(-8) + h/8.
3, 5
Let r = -30 + 18. Let v = r + 18. Let k = v - -6. What are the prime factors of k?
2, 3
Let t be (-1)/3 + 116/6. Suppose 24 = 5*m - r, 0 = 5*m + 4*r - 48 + t. Suppose w = 2*u - 7, 2*u - 13 = m*w - 2*w. List the prime factors of u.
2
Suppose 5*x - 13 + 3 = 0. What are the prime factors of 18 + -2 - (x + 0)?
2, 7
Let u(m) = 15*m**3 - 2*m**2 + m. Let n be u(1). Suppose d = n - 1. List the prime factors of d.
13
Suppose 2*a = 2 + 2. Let y be a/(-4) + 2/(-4). Let g = y + 11. What are the prime factors of g?
2, 5
Suppose 3*i - 34 = 20. Let s = 11 + i. Suppose 0 = 2*r + 3*r + 2*x - s, 5*r - 15 = 5*x. List the prime factors of r.
5
Let u(p) = -p**2 + 132. Let g be u(0). Suppose -g - 58 = -5*j. What are the prime factors of j?
2, 19
Let p = -11 + 13. Suppose -40 = -g + 2*s, p*g - s = 12 + 71. What are the prime factors of g?
2, 3, 7
Let q(n) = -12*n + 2. What are the prime factors of q(-4)?
2, 5
Let x(m) be the first derivative of -m**2/2 - 2*m - 2. Let z be x(-5). Suppose 0 = -z*t - 0*t + 18. List the prime factors of t.
2, 3
Let b = 6 - 3. Suppose p = -b*q - 3, -5*p + 25 = -5*q - 0*p. List the prime factors of 44/8 + q/4.
5
Suppose 3*n = 5 + 1. Let j(g) = -8*g + 4 + 5*g + n*g. List the prime factors of j(0).
2
List the prime factors of -1 - ((-18)/(-4))/(5/(-10)).
2
Let o(s) = -s**2 - s + 11. Let d be o(0). Let f = -5 + d. List the prime factors of 0 - (-3)/2*f.
3
Let o be 0/((-6)/(-2 - 1)). Suppose u + o*u = 27. List the prime factors of u.
3
Let p = 169 - 98. What are the prime factors of p?
71
Suppose -234 + 70 = -4*s. List the prime factors of s.
41
Suppose -31 - 5 = -4*x + 4*k, 0 = 2*x - k - 21. What are the prime factors of x?
2, 3
List the prime factors of (3/(-6))/((-4)/344).
43
Let z(k) = 2*k - 3. Let i be z(3). Let d = i + 37. What are the prime factors of d?
2, 5
Let f = 12 - 7. Suppose f*h - 174 = -0*h + 3*y, -2*h + 54 = 4*y. List the prime factors of h.
3, 11
Let k be (-9)/15*10/(-2). Let g(a) = -a**2 + 15*a + 1. Let u be g(7). Suppose -4*q - 2*b = k*b - u, -4*q = b - 37. List the prime factors of q.
2
Let u(g) = -g**2 - 6*g + 2. Suppose 3*y = 4*y + 6. List the prime factors of u(y).
2
Let h = 23 + 2. List the prime factors of h.
5
Let a be -12*(-3)/(27/6). Suppose 7 = i - a. What are the prime factors of i?
3, 5
Suppose -5*h = -144 - 41. What are the prime factors of h?
37
Let r be 1*17 + 4/4. Let z = r + -26. Let c(i) = -2*i - 12. What are the prime factors of c(z)?
2
Let a be 4/(32/6)*72. Suppose 36 + a = 5*k. List the prime factors of k.
2, 3
Let v(u) = u**3 - 6*u**2 + 5*u + 1. Let s be v(5). List the prime factors of (s - 6)*(-6)/15.
2
Suppose 3*z + 6 = -2*k, -3*z - k = -0*k + 9. Let b = 1 - z. What are the prime factors of b?
5
Suppose 2*z - 5*q - 27 = z, 5*z = -2*q. Suppose z*s + 7 = 23. List the prime factors of s.
2
Suppose -2*i - i = 0. List the prime factors of 468/12 - (3 - i).
2, 3
Suppose c = -0*c + 2*r - 7, 3*r - 6 = 3*c. Suppose -f = -3*k + 22, -c*k - f + 21 - 1 = 0. List the prime factors of k.
7
Let u = -15 + 15. Suppose u = x + b - 2 - 2, 0 = x - 4*b - 9. What are the prime factors of x?
5
Suppose -3*h + 9 = 4*f, f + 5*h - 15 = 2*f. Suppose f = 2*g + 2*l - 14, -4*l + 23 = 2*g + l. List the prime factors of g.
2
Suppose 0 = -2*a - 4*p + 3*p + 311, 0 = 3*a + 4*p - 454. List the prime factors of a.
2, 79
Let n(u) = u**3 + 6*u**2 + u + 8. Let f be n(-6). Suppose 0*d = -2*d - f, -r + d = -3. Suppose -r*v + 4*v - 34 = 0. List the prime factors of v.
17
Let f(p) = p**2 - 5*p - 7. Let w be f(6). Suppose 19 + 29 = -2*s. What are the prime factors of (6/(-4) - w)*s?
2, 3
Let p(g) = -13*g + 1. What are the prime factors of p(-3)?
2, 5
Let g(i) = 11*i**2 - i + 8. List the prime factors of g(-3).
2, 5, 11
Suppose 6*p - 2*p + 5 = x, -x - 11 = 4*p. Let j(s) = s**3 + 4*s**2 + 3*s + 2. What are the prime factors of j(x)?
2
Suppose -x = -3*v - 4, -4*x = -3*x + v. Let g(y) be the third derivative of y**6/60 + y**4/24 + 22*y**2. What are the prime factors of g(x)?
3
Let t be (-39)/2*4/(-3). Suppose -4*r = -2*r - t. List the prime factors of r.
13
Suppose 3*r + 5*b + 8 + 12 = 0, -r - 8 = 3*b. Let p(q) = -q**3 - 5*q**2 - q. What are the prime factors of p(r)?
5
List the prime factors of (-6)/(-4) - 38/(-4).
11
Suppose -3*n = -0 + 3. Let u be 57/6*(-2)/n. Suppose -j + u = 2*o + 2*j, 8 = o + j. What are the prime factors of o?
5
Let q = -9 + -3. Let x = q - -29. List the prime factors of x.
17
Suppose -7*y + 22 = -5*y. Let x = 44 - y. List the prime factors of x.
3, 11
Let f(r) = 2*r**3 - 2*r - 1. Let z(t) = -t**3 - 5*t**2 + 2. Let b be ((-1)/2)/((-1)/(-10)). Let s be z(b). List the prime factors of f(s).
11
List the prime factors of -2*(0 - -2) - -61.
3, 19
Suppose 7*a - 6*a = 10. Let s be 2/10 + (-12)/a. List the prime factors of (12/(-15))/(s/20).
2
Suppose -3*d - 94 = -5*x, -3*x + 2*d - 84 = -7*x. Suppose 0 = -3*k + 3*z + 1 + 23, -4*z + x = 0. List the prime factors of k.
13
Suppose -y + 0*y = -39. List the prime factors of y.
3, 13
Let m(t) = t**2 - 18*t + 39. What are the prime factors of m(16)?
7
Suppose 0 = -5*h + 495 + 25. What are the prime factors of h?
2, 13
Let y = 133 - -116. What are the prime factors of y?
3, 83
Suppose -l - 2*a = 10, -2*a - 20 = l + 2*a. Suppose l = -5*o + 29 + 26. What are the prime factors of o*-1*(-2)/2?
11
Suppose 5*l = -2*a + 261, a + 8 = -3*a. Let o = -33 + l. What are the prime factors of o?
2, 5
Let a(s) = s**2 - 18*s - 6. List the prime factors of a(-8).
2, 101
Let d = 0 + -2. Let c be d/(-6) - (-8)/3. Suppose 2*t = c*z - 23, z - 4*t + 7 + 2 = 0. What are the prime factors of z?
11
Let l(y) = 2*y**2 - 5*y + 1. Let w be l(4). Let a = w - 5. Suppose a = 4*k - 16. What are the prime factors of k?
2, 3
Let l(m) = -2*m**3 - m**2 - m. Let d(z) = -z**3 - 9*z**2 - 7*z + 6. Let v be d(-8). What are the prime factors of l(v)?
2, 7
Suppose 0 = -5*b - 4*x + 5, 3*x = b + x - 1. Let m be 3 - 0 - b - 2. Suppose m = -2*y + 4*w + 50, 4*y - 2*y - w = 35. List the prime factors of y.
3, 5
Let s(o) = -o**2 + 9*o - 10. Let w be s(7). Let g = 6 - w. List the prime factors of g.
2
Let r = 17 - -24. What are the prime factors of r?
41
Suppose 5*u = 2*d + 632, u - 5*d = 61 + 70. Suppose w + 97 = 5*q, -31 = 4*q + 5*w - u. What are the prime factors of q?
2, 5
Suppose 2*m - 2*c - 6 = 0, 0 = -2*m + 2*c - 4*c - 6. Suppose m = -u - 0 + 4. Suppose -u*f - 5*i + 52 = 0, -2*i = 2*i. List the prime factors of f.
13
Let u(s) = -1 + 7*s + 4*s**3 - 5*s**3 + 3*s**2 + 2*s**3 - 9*s**2. What are the prime factors of u(5)?
3
Suppose -o + 4*o - 9 = 0. List the prime factors of o.
3
Let m = -2 + 10. Let f = 2 - 7. Let b = f + m. What are the prime factors of b?
3
Let u(d) be the second derivative of -2*d**3/3 - 3*d**2 + d. List the prime factors of u(-7).
2, 11
Let n = 19 + -20. List the prime factors of (-102)/(-3) + n + 2.
5, 7
Let q be 22/(-3*2/6). What are the prime factors of 6/(-33) - 620/q?
2, 7
Let p = 4 + -6. Let j(q) = q**3 + 6*q**2 - 10*q - 7. Let h be j(-7). List the prime factors of (p/1)/((-4)/h).
7
Suppose -4*t + 4*h + 92 = 0, -5*h - 6 - 4 = 0. What are the prime factors of (-1)/(3 - 64/t)?
3, 7
Suppose 0 = c + 2*c. Suppose 4*v - 6*v + 18 = c. What are the prime factors of v?
3
Suppose 3*d